{"id":44,"date":"2021-03-01T09:25:17","date_gmt":"2021-03-01T08:25:17","guid":{"rendered":"http:\/\/alizeefievre.fr\/?page_id=44"},"modified":"2021-03-16T11:55:45","modified_gmt":"2021-03-16T10:55:45","slug":"pour-quoi","status":"publish","type":"page","link":"https:\/\/alizeefievre.fr\/?page_id=44","title":{"rendered":"Pour quoi?"},"content":{"rendered":"\t\t<div data-elementor-type=\"wp-page\" data-elementor-id=\"44\" class=\"elementor elementor-44\" data-elementor-settings=\"[]\">\n\t\t\t\t\t\t\t<div class=\"elementor-section-wrap\">\n\t\t\t\t\t\t\t<section class=\"elementor-section elementor-top-section elementor-element elementor-element-a594279 elementor-section-boxed elementor-section-height-default elementor-section-height-default\" data-id=\"a594279\" data-element_type=\"section\">\n\t\t\t\t\t\t<div class=\"elementor-container elementor-column-gap-default\">\n\t\t\t\t\t<div class=\"elementor-column elementor-col-100 elementor-top-column elementor-element elementor-element-5cf60e0\" data-id=\"5cf60e0\" data-element_type=\"column\">\n\t\t\t<div class=\"elementor-widget-wrap elementor-element-populated\">\n\t\t\t\t\t\t\t\t<div class=\"elementor-element elementor-element-a6576f5 elementor-widget elementor-widget-text-editor\" data-id=\"a6576f5\" data-element_type=\"widget\" data-widget_type=\"text-editor.default\">\n\t\t\t\t<div class=\"elementor-widget-container\">\n\t\t\t\t\t\t\t<p align=\"justify\"><span style=\"color: #000000;\"><span style=\"font-family: Calibri, sans-serif;\"><span style=\"font-size: medium;\">Vous avez besoin d\u2019un soutien, d\u2019un travail sur soi en profondeur, de mani\u00e8re ponctuelle ou r\u00e9guli\u00e8re, n\u2019h\u00e9sitez pas \u00e0 me consulter. Le cadre de travail sera d\u00e9fini ensemble lors du premier rendez-vous et la rythmicit\u00e9 des s\u00e9ances est modifiable.<\/span><\/span><\/span><\/p><p align=\"justify\"><span style=\"color: #000000;\"><span style=\"font-family: Calibri, sans-serif;\"><span style=\"font-size: medium;\">Vous pouvez <span style=\"color: #ff3300;\"><b>venir me consulter<\/b><\/span><b> <\/b>pour\u00a0:<\/span><\/span><\/span><\/p>\t\t\t\t\t\t<\/div>\n\t\t\t\t<\/div>\n\t\t\t\t\t<\/div>\n\t\t<\/div>\n\t\t\t\t\t\t\t<\/div>\n\t\t<\/section>\n\t\t\t\t<section class=\"elementor-section elementor-top-section elementor-element elementor-element-86378a0 elementor-section-height-min-height elementor-section-boxed elementor-section-height-default elementor-section-items-middle\" data-id=\"86378a0\" data-element_type=\"section\">\n\t\t\t\t\t\t<div class=\"elementor-container elementor-column-gap-extended\">\n\t\t\t\t\t<div class=\"elementor-column elementor-col-16 elementor-top-column elementor-element elementor-element-2c08a7e\" data-id=\"2c08a7e\" data-element_type=\"column\">\n\t\t\t<div class=\"elementor-widget-wrap elementor-element-populated\">\n\t\t\t\t\t\t\t\t<div class=\"elementor-element elementor-element-9ed1e15 elementor-widget elementor-widget-heading\" data-id=\"9ed1e15\" data-element_type=\"widget\" data-widget_type=\"heading.default\">\n\t\t\t\t<div class=\"elementor-widget-container\">\n\t\t\t<h2 class=\"elementor-heading-title elementor-size-medium\">Mal-\u00eatre<\/h2>\t\t<\/div>\n\t\t\t\t<\/div>\n\t\t\t\t\t<\/div>\n\t\t<\/div>\n\t\t\t\t<div class=\"elementor-column elementor-col-16 elementor-top-column elementor-element elementor-element-ec2d665\" data-id=\"ec2d665\" data-element_type=\"column\">\n\t\t\t<div class=\"elementor-widget-wrap elementor-element-populated\">\n\t\t\t\t\t\t\t\t<div class=\"elementor-element elementor-element-39fac02 elementor-widget elementor-widget-heading\" data-id=\"39fac02\" data-element_type=\"widget\" data-widget_type=\"heading.default\">\n\t\t\t\t<div class=\"elementor-widget-container\">\n\t\t\t<h2 class=\"elementor-heading-title elementor-size-medium\">Troubles psycho-affectifs<\/h2>\t\t<\/div>\n\t\t\t\t<\/div>\n\t\t\t\t\t<\/div>\n\t\t<\/div>\n\t\t\t\t<div class=\"elementor-column elementor-col-16 elementor-top-column elementor-element elementor-element-b3d0f0a\" data-id=\"b3d0f0a\" data-element_type=\"column\">\n\t\t\t<div class=\"elementor-widget-wrap elementor-element-populated\">\n\t\t\t\t\t\t\t\t<div class=\"elementor-element elementor-element-532a00f elementor-widget elementor-widget-heading\" data-id=\"532a00f\" data-element_type=\"widget\" data-widget_type=\"heading.default\">\n\t\t\t\t<div class=\"elementor-widget-container\">\n\t\t\t<h2 class=\"elementor-heading-title elementor-size-medium\">Difficult\u00e9s comportementales<\/h2>\t\t<\/div>\n\t\t\t\t<\/div>\n\t\t\t\t\t<\/div>\n\t\t<\/div>\n\t\t\t\t<div class=\"elementor-column elementor-col-16 elementor-top-column elementor-element elementor-element-a2aa264\" data-id=\"a2aa264\" data-element_type=\"column\">\n\t\t\t<div class=\"elementor-widget-wrap elementor-element-populated\">\n\t\t\t\t\t\t\t\t<div class=\"elementor-element elementor-element-296e4ce elementor-widget elementor-widget-heading\" data-id=\"296e4ce\" data-element_type=\"widget\" data-widget_type=\"heading.default\">\n\t\t\t\t<div class=\"elementor-widget-container\">\n\t\t\t<h2 class=\"elementor-heading-title elementor-size-medium\">Troubles somatiques<\/h2>\t\t<\/div>\n\t\t\t\t<\/div>\n\t\t\t\t\t<\/div>\n\t\t<\/div>\n\t\t\t\t<div class=\"elementor-column elementor-col-16 elementor-top-column elementor-element elementor-element-22531d2\" data-id=\"22531d2\" data-element_type=\"column\">\n\t\t\t<div class=\"elementor-widget-wrap elementor-element-populated\">\n\t\t\t\t\t\t\t\t<div class=\"elementor-element elementor-element-56eef4f elementor-widget elementor-widget-heading\" data-id=\"56eef4f\" data-element_type=\"widget\" data-widget_type=\"heading.default\">\n\t\t\t\t<div class=\"elementor-widget-container\">\n\t\t\t<h2 class=\"elementor-heading-title elementor-size-medium\">Deuils<\/h2>\t\t<\/div>\n\t\t\t\t<\/div>\n\t\t\t\t\t<\/div>\n\t\t<\/div>\n\t\t\t\t<div class=\"elementor-column elementor-col-16 elementor-top-column elementor-element elementor-element-a9e2935\" data-id=\"a9e2935\" data-element_type=\"column\">\n\t\t\t<div class=\"elementor-widget-wrap elementor-element-populated\">\n\t\t\t\t\t\t\t\t<div class=\"elementor-element elementor-element-ef33b99 elementor-widget elementor-widget-heading\" data-id=\"ef33b99\" data-element_type=\"widget\" data-widget_type=\"heading.default\">\n\t\t\t\t<div class=\"elementor-widget-container\">\n\t\t\t<h2 class=\"elementor-heading-title elementor-size-medium\">Troubles de l'attachement<\/h2>\t\t<\/div>\n\t\t\t\t<\/div>\n\t\t\t\t\t<\/div>\n\t\t<\/div>\n\t\t\t\t\t\t\t<\/div>\n\t\t<\/section>\n\t\t\t\t<section class=\"elementor-section elementor-top-section elementor-element elementor-element-73eabba elementor-section-height-min-height elementor-section-boxed elementor-section-height-default elementor-section-items-middle\" data-id=\"73eabba\" data-element_type=\"section\">\n\t\t\t\t\t\t<div class=\"elementor-container elementor-column-gap-wide\">\n\t\t\t\t\t<div class=\"elementor-column elementor-col-20 elementor-top-column elementor-element elementor-element-bbb0337\" data-id=\"bbb0337\" data-element_type=\"column\">\n\t\t\t<div class=\"elementor-widget-wrap elementor-element-populated\">\n\t\t\t\t\t\t\t\t<div class=\"elementor-element elementor-element-60cff33 elementor-widget elementor-widget-heading\" data-id=\"60cff33\" data-element_type=\"widget\" data-widget_type=\"heading.default\">\n\t\t\t\t<div class=\"elementor-widget-container\">\n\t\t\t<h2 class=\"elementor-heading-title elementor-size-medium\">Troubles identitaires<\/h2>\t\t<\/div>\n\t\t\t\t<\/div>\n\t\t\t\t\t<\/div>\n\t\t<\/div>\n\t\t\t\t<div class=\"elementor-column elementor-col-20 elementor-top-column elementor-element elementor-element-ff0c36e\" data-id=\"ff0c36e\" data-element_type=\"column\">\n\t\t\t<div class=\"elementor-widget-wrap elementor-element-populated\">\n\t\t\t\t\t\t\t\t<div class=\"elementor-element elementor-element-40596af elementor-widget elementor-widget-heading\" data-id=\"40596af\" data-element_type=\"widget\" data-widget_type=\"heading.default\">\n\t\t\t\t<div class=\"elementor-widget-container\">\n\t\t\t<h2 class=\"elementor-heading-title elementor-size-medium\">Harc\u00e8lement scolaire<\/h2>\t\t<\/div>\n\t\t\t\t<\/div>\n\t\t\t\t\t<\/div>\n\t\t<\/div>\n\t\t\t\t<div class=\"elementor-column elementor-col-20 elementor-top-column elementor-element elementor-element-868b79d\" data-id=\"868b79d\" data-element_type=\"column\">\n\t\t\t<div class=\"elementor-widget-wrap elementor-element-populated\">\n\t\t\t\t\t\t\t\t<div class=\"elementor-element elementor-element-411bb54 elementor-widget elementor-widget-heading\" data-id=\"411bb54\" data-element_type=\"widget\" data-widget_type=\"heading.default\">\n\t\t\t\t<div class=\"elementor-widget-container\">\n\t\t\t<h2 class=\"elementor-heading-title elementor-size-medium\">Pr\u00e9maturit\u00e9<\/h2>\t\t<\/div>\n\t\t\t\t<\/div>\n\t\t\t\t\t<\/div>\n\t\t<\/div>\n\t\t\t\t<div class=\"elementor-column elementor-col-20 elementor-top-column elementor-element elementor-element-022dceb\" data-id=\"022dceb\" data-element_type=\"column\">\n\t\t\t<div class=\"elementor-widget-wrap elementor-element-populated\">\n\t\t\t\t\t\t\t\t<div class=\"elementor-element elementor-element-7de17b9 elementor-widget elementor-widget-heading\" data-id=\"7de17b9\" data-element_type=\"widget\" data-widget_type=\"heading.default\">\n\t\t\t\t<div class=\"elementor-widget-container\">\n\t\t\t<h2 class=\"elementor-heading-title elementor-size-medium\">D\u00e9sir d'enfants<\/h2>\t\t<\/div>\n\t\t\t\t<\/div>\n\t\t\t\t\t<\/div>\n\t\t<\/div>\n\t\t\t\t<div class=\"elementor-column elementor-col-20 elementor-top-column elementor-element elementor-element-8737da0\" data-id=\"8737da0\" data-element_type=\"column\">\n\t\t\t<div class=\"elementor-widget-wrap elementor-element-populated\">\n\t\t\t\t\t\t\t\t<div class=\"elementor-element elementor-element-95b376a elementor-widget elementor-widget-heading\" data-id=\"95b376a\" data-element_type=\"widget\" data-widget_type=\"heading.default\">\n\t\t\t\t<div class=\"elementor-widget-container\">\n\t\t\t<h2 class=\"elementor-heading-title elementor-size-medium\">Guidance parentale<\/h2>\t\t<\/div>\n\t\t\t\t<\/div>\n\t\t\t\t\t<\/div>\n\t\t<\/div>\n\t\t\t\t\t\t\t<\/div>\n\t\t<\/section>\n\t\t\t\t<section class=\"elementor-section elementor-top-section elementor-element elementor-element-08b9547 elementor-section-height-min-height elementor-section-boxed elementor-section-height-default elementor-section-items-middle\" data-id=\"08b9547\" data-element_type=\"section\">\n\t\t\t\t\t\t<div class=\"elementor-container elementor-column-gap-extended\">\n\t\t\t\t\t<div class=\"elementor-column elementor-col-20 elementor-top-column elementor-element elementor-element-090ee94\" data-id=\"090ee94\" data-element_type=\"column\">\n\t\t\t<div class=\"elementor-widget-wrap elementor-element-populated\">\n\t\t\t\t\t\t\t\t<div class=\"elementor-element elementor-element-ac6b702 elementor-widget elementor-widget-heading\" data-id=\"ac6b702\" data-element_type=\"widget\" data-widget_type=\"heading.default\">\n\t\t\t\t<div class=\"elementor-widget-container\">\n\t\t\t<h2 class=\"elementor-heading-title elementor-size-medium\">Gestions des \u00e9motions<\/h2>\t\t<\/div>\n\t\t\t\t<\/div>\n\t\t\t\t\t<\/div>\n\t\t<\/div>\n\t\t\t\t<div class=\"elementor-column elementor-col-20 elementor-top-column elementor-element elementor-element-bed10cf\" data-id=\"bed10cf\" data-element_type=\"column\">\n\t\t\t<div class=\"elementor-widget-wrap elementor-element-populated\">\n\t\t\t\t\t\t\t\t<div class=\"elementor-element elementor-element-f400bb5 elementor-widget elementor-widget-heading\" data-id=\"f400bb5\" data-element_type=\"widget\" data-widget_type=\"heading.default\">\n\t\t\t\t<div class=\"elementor-widget-container\">\n\t\t\t<h2 class=\"elementor-heading-title elementor-size-medium\">D\u00e9pression<\/h2>\t\t<\/div>\n\t\t\t\t<\/div>\n\t\t\t\t\t<\/div>\n\t\t<\/div>\n\t\t\t\t<div class=\"elementor-column elementor-col-20 elementor-top-column elementor-element elementor-element-0d7ccce\" data-id=\"0d7ccce\" data-element_type=\"column\">\n\t\t\t<div class=\"elementor-widget-wrap elementor-element-populated\">\n\t\t\t\t\t\t\t\t<div class=\"elementor-element elementor-element-59d3ce4 elementor-widget elementor-widget-heading\" data-id=\"59d3ce4\" data-element_type=\"widget\" data-widget_type=\"heading.default\">\n\t\t\t\t<div class=\"elementor-widget-container\">\n\t\t\t<h2 class=\"elementor-heading-title elementor-size-medium\">Anxi\u00e9t\u00e9<\/h2>\t\t<\/div>\n\t\t\t\t<\/div>\n\t\t\t\t\t<\/div>\n\t\t<\/div>\n\t\t\t\t<div class=\"elementor-column elementor-col-20 elementor-top-column elementor-element elementor-element-b933ec8\" data-id=\"b933ec8\" data-element_type=\"column\">\n\t\t\t<div class=\"elementor-widget-wrap elementor-element-populated\">\n\t\t\t\t\t\t\t\t<div class=\"elementor-element elementor-element-578469e elementor-widget elementor-widget-heading\" data-id=\"578469e\" data-element_type=\"widget\" data-widget_type=\"heading.default\">\n\t\t\t\t<div class=\"elementor-widget-container\">\n\t\t\t<h2 class=\"elementor-heading-title elementor-size-medium\">Quelque soit votre motif<\/h2>\t\t<\/div>\n\t\t\t\t<\/div>\n\t\t\t\t\t<\/div>\n\t\t<\/div>\n\t\t\t\t<div class=\"elementor-column elementor-col-20 elementor-top-column elementor-element elementor-element-c32071b\" data-id=\"c32071b\" data-element_type=\"column\">\n\t\t\t<div class=\"elementor-widget-wrap elementor-element-populated\">\n\t\t\t\t\t\t\t\t<div class=\"elementor-element elementor-element-6b289f0 elementor-widget elementor-widget-heading\" data-id=\"6b289f0\" data-element_type=\"widget\" data-widget_type=\"heading.default\">\n\t\t\t\t<div class=\"elementor-widget-container\">\n\t\t\t<h2 class=\"elementor-heading-title elementor-size-medium\">Pour tout autre renseignement<\/h2>\t\t<\/div>\n\t\t\t\t<\/div>\n\t\t\t\t\t<\/div>\n\t\t<\/div>\n\t\t\t\t\t\t\t<\/div>\n\t\t<\/section>\n\t\t\t\t<section class=\"elementor-section elementor-top-section elementor-element elementor-element-f71fc25 elementor-section-boxed elementor-section-height-default elementor-section-height-default\" data-id=\"f71fc25\" data-element_type=\"section\" data-settings=\"{&quot;background_background&quot;:&quot;classic&quot;}\">\n\t\t\t\t\t\t<div class=\"elementor-container elementor-column-gap-default\">\n\t\t\t\t\t<div class=\"elementor-column elementor-col-100 elementor-top-column elementor-element elementor-element-e963cf5\" data-id=\"e963cf5\" data-element_type=\"column\">\n\t\t\t<div class=\"elementor-widget-wrap elementor-element-populated\">\n\t\t\t\t\t\t\t\t<div class=\"elementor-element elementor-element-1369648 elementor-widget elementor-widget-text-editor\" data-id=\"1369648\" data-element_type=\"widget\" data-widget_type=\"text-editor.default\">\n\t\t\t\t<div class=\"elementor-widget-container\">\n\t\t\t\t\t\t\t<p align=\"justify\">\n<\/p><p align=\"justify\"><span style=\"color: #000000;\"><span style=\"font-family: Calibri, sans-serif;\"><span style=\"font-size: medium;\">Vous pouvez aussi me solliciter pour la <b>passation de <span style=\"color: #ff3300;\"><u>test psychom\u00e9trique, le WISC V<\/u><\/span><\/b>. <\/span><\/span><\/span><\/p>\n<p align=\"justify\"><span style=\"color: #000000;\"><span style=\"font-family: Calibri, sans-serif;\"><span style=\"font-size: medium;\"><img loading=\"lazy\" class=\"wp-image-397 alignleft\" src=\"https:\/\/alizeefievre.fr\/wp-content\/uploads\/2021\/03\/back-to-school-2629361_1920-300x200.jpg\" alt=\"\" width=\"222\" height=\"148\" srcset=\"https:\/\/alizeefievre.fr\/wp-content\/uploads\/2021\/03\/back-to-school-2629361_1920-300x200.jpg 300w, https:\/\/alizeefievre.fr\/wp-content\/uploads\/2021\/03\/back-to-school-2629361_1920-1024x683.jpg 1024w, https:\/\/alizeefievre.fr\/wp-content\/uploads\/2021\/03\/back-to-school-2629361_1920-768x512.jpg 768w, https:\/\/alizeefievre.fr\/wp-content\/uploads\/2021\/03\/back-to-school-2629361_1920-1536x1024.jpg 1536w, https:\/\/alizeefievre.fr\/wp-content\/uploads\/2021\/03\/back-to-school-2629361_1920.jpg 1920w\" sizes=\"(max-width: 222px) 100vw, 222px\" \/><\/span><\/span><\/span><\/p>\n<p align=\"justify\"><span style=\"color: #000000;\"><span style=\"font-family: Calibri, sans-serif;\"><span style=\"font-size: medium;\"><br><\/span><\/span><\/span><\/p>\n<p align=\"justify\"><span style=\"color: #000000;\"><span style=\"font-family: Calibri, sans-serif;\"><span style=\"font-size: medium;\"><br><\/span><\/span><\/span><\/p>\n<p align=\"justify\"><span style=\"color: #000000;\"><span style=\"font-family: Calibri, sans-serif;\"><span style=\"font-size: medium;\"><br><\/span><\/span><\/span><\/p>\n<p align=\"justify\"><span style=\"color: #000000;\"><span style=\"font-family: Calibri, sans-serif;\"><span style=\"font-size: medium;\"><br><\/span><\/span><\/span><\/p>\n<p align=\"justify\"><span style=\"color: #000000;\"><span style=\"font-family: Calibri, sans-serif;\"><span style=\"font-size: medium;\">Aussi appel\u00e9 <b><span style=\"color: #ff3300;\">bilans psychologiques<\/span><\/b>, le <b>WISC V<\/b> est un test reconnu permettant de mesurer l\u2019<b>efficience<\/b> de l\u2019enfant et de l\u2019adolescent, d\u2019identifier leurs <b>ressources<\/b> et leurs <b>fragilit\u00e9s<\/b> afin de proposer des <b>aides et des dispositifs adapt\u00e9s<\/b> \u00e0 leurs besoins. C\u2019est aussi un <b>support<\/b> dans la th\u00e9rapie. En effet, outre le fait qu\u2019il s\u2019agisse d\u2019un test norm\u00e9 (chiffr\u00e9), les \u00e9l\u00e9ments cliniques sont \u00e9galement pris en compte dans la passation de test. V\u00e9ritable mine d\u2019informations, ce test renseigne sur diff\u00e9rentes sph\u00e8res cognitives, comme le langage, les apprentissages, les relations sociales, la repr\u00e9sentation de l\u2019espace, la pens\u00e9e, les \u00e9motions\u2026. <\/span><\/span><\/span><\/p>\n<p align=\"justify\"><span style=\"color: #000000;\"><span style=\"font-family: Calibri, sans-serif;\"><span style=\"font-size: medium;\">Les bilans psychologiques sont r\u00e9guli\u00e8rement demand\u00e9s par les \u00e9coles afin de constituer un <b>dossier MDPH <\/b>dans le cadre de <b>difficult\u00e9s d\u2019apprentissage, <\/b>mais aussi \u00eatre par<b> des institutions (CMP \/ CMPP \/ CAMSP\u2026) <\/b>et par la<b> famille<\/b>. <\/span><\/span><\/span><\/p>\n<p align=\"justify\"><b>Et aussi, pour des <u>s\u00e9ances d\u2019hypnose Ericksonienne<\/u>.<\/b><\/p>\n<p align=\"justify\"><span style=\"color: #000000;\"><span style=\"font-family: Calibri, sans-serif;\"><span style=\"font-size: medium;\"><b><img loading=\"lazy\" class=\" wp-image-396 alignleft\" src=\"https:\/\/alizeefievre.fr\/wp-content\/uploads\/2021\/03\/Hypnose-300x220.jpg\" alt=\"\" width=\"252\" height=\"184\" srcset=\"https:\/\/alizeefievre.fr\/wp-content\/uploads\/2021\/03\/Hypnose-300x220.jpg 300w, https:\/\/alizeefievre.fr\/wp-content\/uploads\/2021\/03\/Hypnose-1024x753.jpg 1024w, https:\/\/alizeefievre.fr\/wp-content\/uploads\/2021\/03\/Hypnose-768x564.jpg 768w, https:\/\/alizeefievre.fr\/wp-content\/uploads\/2021\/03\/Hypnose-1536x1129.jpg 1536w, https:\/\/alizeefievre.fr\/wp-content\/uploads\/2021\/03\/Hypnose.jpg 1920w\" sizes=\"(max-width: 252px) 100vw, 252px\" \/><\/b><\/span><\/span><\/span><\/p>\n<p align=\"justify\"><span style=\"color: #000000;\"><span style=\"font-family: Calibri, sans-serif;\"><span style=\"font-size: medium;\"><br><\/span><\/span><\/span><\/p><p align=\"justify\"><span style=\"color: #000000;\"><span style=\"font-family: Calibri, sans-serif;\"><span style=\"font-size: medium;\"><br><\/span><\/span><\/span><\/p><p align=\"justify\"><span style=\"color: #000000;\"><span style=\"font-family: Calibri, sans-serif;\"><span style=\"font-size: medium;\"><br><\/span><\/span><\/span><\/p><p align=\"justify\"><span style=\"color: #000000;\"><span style=\"font-family: Calibri, sans-serif;\"><span style=\"font-size: medium;\"><br><\/span><\/span><\/span><\/p><p align=\"justify\"><span style=\"color: #000000;\"><span style=\"font-family: Calibri, sans-serif;\"><span style=\"font-size: medium;\">Diff\u00e9rents types d\u2019hypnose existent&nbsp;; l\u2019hypnose de spectacle, l\u2019hypnose conversationnelle, l\u2019auto-hypnose, l\u2019hypnose humaniste, l\u2019hypnose directe et l\u2019<b>hypnose Ericksonienne<\/b>. Cette derni\u00e8re sera utilis\u00e9e, dans le cabinet, comme outil \u00e0 votre th\u00e9rapie.<\/span><\/span><\/span><\/p>\n<p align=\"justify\"><span style=\"color: #000000;\"><span style=\"font-family: Calibri, sans-serif;\"><span style=\"font-size: medium;\">Dans la <b>vie quotidienne<\/b>, chacun d\u2019entre nous est d\u00e9j\u00e0 entr\u00e9 dans un \u00e9tat modifi\u00e9 de conscience, par exemple, lorsque vous arrivez \u00e0 votre destination et que vous vous dites, \u00ab&nbsp;je n\u2019ai pas vu la route passer\u00bb, ou bien en vous laissant captiver par votre lecture o\u00f9 vous \u00eates comme \u00ab&nbsp;hors-temps&nbsp;\u00bb o\u00f9 l\u2019environnement ext\u00e9rieur est comme \u00ab&nbsp;mis en pause&nbsp;\u00bb. C\u2019est un <b>\u00e9<\/b><b>tat de conscience naturel<\/b>.<\/span><\/span><\/span><\/p>\n<p align=\"justify\"><span style=\"color: #000000;\"><span style=\"font-family: Calibri, sans-serif;\"><span style=\"font-size: medium;\">L\u2019hypnose Ericksonienne est un <span style=\"color: #6600cc;\"><b>outil th\u00e9rapeutique<\/b><\/span> issu des th\u00e9rapies br\u00e8ves, c\u2019est-\u00e0-dire qu\u2019il est possible, en quelques s\u00e9ances, d\u2019atteindre l\u2019objectif fix\u00e9 pr\u00e9alablement d\u00e9fini.<\/span><\/span><\/span><\/p>\n<p align=\"justify\"><span style=\"color: #000000;\"><span style=\"font-family: Calibri, sans-serif;\"><span style=\"font-size: medium;\">Il s\u2019agit d\u2019un <b>\u00e9tat <\/b><b>de conscience particulier, <\/b><b>aussi appel\u00e9 \u00ab&nbsp;\u00e9tat de r\u00eaverie&nbsp;\u00bb <\/b><b>ou<\/b><b> <\/b><b>\u00e9tat modifi\u00e9 de conscience<\/b><b> <\/b>dans lequel se trouve le sujet lui permettant d\u2019acc\u00e9der \u00e0 ses <span style=\"color: #6600cc;\"><b>propres ressources internes.<\/b><\/span><b> <\/b>Ceci<b>, <\/b>par le biais de l\u2019accompagnement d\u2019un <b>professionnel form\u00e9<\/b> \u00e0 de diverses techniques enseign\u00e9es. Le sujet est actif dans le processus hypnotique en d\u00e9cidant d\u2019aller \u00e0 son rythme, en choisissant ses solutions en fonction de ses valeurs. Cet \u00e9tat est un voyage pour se red\u00e9couvrir et permet d\u2019acc\u00e9der \u00e0 l\u2019inconscient, v\u00e9ritable r\u00e9servoir cognitif du sujet. <\/span><\/span><\/span><\/p>\n<p align=\"justify\"><span style=\"color: #000000;\"><span style=\"font-family: Calibri, sans-serif;\"><span style=\"font-size: medium;\"><b>Tout le monde<\/b> peut avoir acc\u00e8s \u00e0 un \u00e9tat modifi\u00e9 de conscience, et ce, de fa\u00e7on diff\u00e9rente. V\u00e9ritable <b>l\u00e2cher-prise<\/b>, je vous accompagne en toute <b>bienveillance et dans un profond respect<\/b>.<\/span><\/span><\/span><\/p>\n<p align=\"justify\"><span style=\"color: #000000;\"><span style=\"font-family: Calibri, sans-serif;\"><span style=\"font-size: medium;\">La pratique de l\u2019hypnose peut \u00eatre utilis\u00e9e pour <b>diverses probl\u00e9matiques<\/b> comme, le manque de confiance en soi, les phobies, la pr\u00e9paration aux examens, le stress, le sommeil, les peurs, n\u2019h\u00e9sitez pas \u00e0 me contacter pour en discuter ensemble. <\/span><\/span><\/span><\/p>\n<div>&nbsp;<\/div>\n<div>&nbsp;<\/div>\t\t\t\t\t\t<\/div>\n\t\t\t\t<\/div>\n\t\t\t\t\t<\/div>\n\t\t<\/div>\n\t\t\t\t\t\t\t<\/div>\n\t\t<\/section>\n\t\t\t\t\t\t<\/div>\n\t\t\t\t\t<\/div>\n\t\t","protected":false},"excerpt":{"rendered":"<p>Vous avez besoin d\u2019un soutien, d\u2019un travail sur soi en profondeur, de mani\u00e8re ponctuelle ou r\u00e9guli\u00e8re, n\u2019h\u00e9sitez pas \u00e0 me consulter. Le cadre de travail sera d\u00e9fini ensemble lors du premier rendez-vous et la rythmicit\u00e9 des s\u00e9ances est modifiable. Vous pouvez venir me consulter pour\u00a0: Mal-\u00eatre Troubles psycho-affectifs Difficult\u00e9s comportementales Troubles somatiques Deuils Troubles de [&hellip;]<\/p>\n","protected":false},"author":1,"featured_media":0,"parent":0,"menu_order":0,"comment_status":"closed","ping_status":"closed","template":"","meta":[],"_links":{"self":[{"href":"https:\/\/alizeefievre.fr\/index.php?rest_route=\/wp\/v2\/pages\/44"}],"collection":[{"href":"https:\/\/alizeefievre.fr\/index.php?rest_route=\/wp\/v2\/pages"}],"about":[{"href":"https:\/\/alizeefievre.fr\/index.php?rest_route=\/wp\/v2\/types\/page"}],"author":[{"embeddable":true,"href":"https:\/\/alizeefievre.fr\/index.php?rest_route=\/wp\/v2\/users\/1"}],"replies":[{"embeddable":true,"href":"https:\/\/alizeefievre.fr\/index.php?rest_route=%2Fwp%2Fv2%2Fcomments&post=44"}],"version-history":[{"count":59,"href":"https:\/\/alizeefievre.fr\/index.php?rest_route=\/wp\/v2\/pages\/44\/revisions"}],"predecessor-version":[{"id":1011,"href":"https:\/\/alizeefievre.fr\/index.php?rest_route=\/wp\/v2\/pages\/44\/revisions\/1011"}],"wp:attachment":[{"href":"https:\/\/alizeefievre.fr\/index.php?rest_route=%2Fwp%2Fv2%2Fmedia&parent=44"}],"curies":[{"name":"wp","href":"https:\/\/api.w.org\/{rel}","templated":true}]}}