{"id":43,"date":"2021-03-01T09:25:16","date_gmt":"2021-03-01T08:25:16","guid":{"rendered":"http:\/\/alizeefievre.fr\/?page_id=43"},"modified":"2021-03-10T12:50:57","modified_gmt":"2021-03-10T11:50:57","slug":"pour-qui","status":"publish","type":"page","link":"https:\/\/alizeefievre.fr\/?page_id=43","title":{"rendered":"Pour qui?"},"content":{"rendered":"\t\t<div data-elementor-type=\"wp-page\" data-elementor-id=\"43\" class=\"elementor elementor-43\" data-elementor-settings=\"[]\">\n\t\t\t\t\t\t\t<div class=\"elementor-section-wrap\">\n\t\t\t\t\t\t\t<section class=\"elementor-section elementor-top-section elementor-element elementor-element-1b5c945 elementor-section-boxed elementor-section-height-default elementor-section-height-default\" data-id=\"1b5c945\" data-element_type=\"section\">\n\t\t\t\t\t\t<div class=\"elementor-container elementor-column-gap-default\">\n\t\t\t\t\t<div class=\"elementor-column elementor-col-100 elementor-top-column elementor-element elementor-element-8d90859\" data-id=\"8d90859\" data-element_type=\"column\">\n\t\t\t<div class=\"elementor-widget-wrap\">\n\t\t\t\t\t\t\t\t\t<\/div>\n\t\t<\/div>\n\t\t\t\t\t\t\t<\/div>\n\t\t<\/section>\n\t\t\t\t<section class=\"elementor-section elementor-top-section elementor-element elementor-element-3f8125f elementor-section-boxed elementor-section-height-default elementor-section-height-default\" data-id=\"3f8125f\" data-element_type=\"section\">\n\t\t\t\t\t\t<div class=\"elementor-container elementor-column-gap-default\">\n\t\t\t\t\t<div class=\"elementor-column elementor-col-100 elementor-top-column elementor-element elementor-element-ca4edfb\" data-id=\"ca4edfb\" data-element_type=\"column\">\n\t\t\t<div class=\"elementor-widget-wrap elementor-element-populated\">\n\t\t\t\t\t\t\t\t<div class=\"elementor-element elementor-element-935bd38 elementor-widget elementor-widget-text-editor\" data-id=\"935bd38\" data-element_type=\"widget\" data-widget_type=\"text-editor.default\">\n\t\t\t\t<div class=\"elementor-widget-container\">\n\t\t\t\t\t\t\t<p align=\"justify\"><span style=\"font-family: Calibri, sans-serif;\"><span style=\"font-size: large;\"><span style=\"color: #000000;\">Les consultations propos\u00e9es au cabinet s\u2019adressent aux enfants et adolescents \u00e2g\u00e9s de 0 \u00e0 20 ans ainsi qu\u2019\u00e0 leurs parents mais aussi <\/span><span style=\"color: #000000;\">pour les <\/span><span style=\"color: #000000;\">futurs<\/span><span style=\"color: #000000;\"> parents, m\u00e8res, p\u00e8res, <\/span><span style=\"color: #000000;\">en d\u00e9sir d\u2019enfants.<\/span><\/span><\/span><\/p><p align=\"justify\"><span style=\"color: #00cc33;\"><span style=\"font-family: Calibri, sans-serif;\"><span style=\"font-size: large;\"><b>Les e<\/b><\/span><\/span><\/span><span style=\"color: #00cc33;\"><span style=\"font-family: Calibri, sans-serif;\"><span style=\"font-size: large;\"><b>nfants: <\/b><\/span><\/span><\/span><em><span style=\"color: #000000;\"><span style=\"font-family: Calibri, sans-serif;\"><span style=\"font-size: medium;\">L\u2019en<\/span><\/span><\/span><span style=\"font-family: Calibri, sans-serif;\"><span style=\"font-size: large;\"><span style=\"color: #000000;\"><img loading=\"lazy\" class=\"wp-image-326 alignleft\" src=\"https:\/\/alizeefievre.fr\/wp-content\/uploads\/2021\/03\/enfant-lego-300x200.jpg\" alt=\"\" width=\"191\" height=\"127\" srcset=\"https:\/\/alizeefievre.fr\/wp-content\/uploads\/2021\/03\/enfant-lego-300x200.jpg 300w, https:\/\/alizeefievre.fr\/wp-content\/uploads\/2021\/03\/enfant-lego-1024x683.jpg 1024w, https:\/\/alizeefievre.fr\/wp-content\/uploads\/2021\/03\/enfant-lego-768x512.jpg 768w, https:\/\/alizeefievre.fr\/wp-content\/uploads\/2021\/03\/enfant-lego-1536x1024.jpg 1536w, https:\/\/alizeefievre.fr\/wp-content\/uploads\/2021\/03\/enfant-lego.jpg 1920w\" sizes=\"(max-width: 191px) 100vw, 191px\" \/><\/span><\/span><\/span><\/em><span style=\"color: #000000;\"><span style=\"font-family: Calibri, sans-serif;\"><span style=\"font-size: medium;\"><em>fant est un \u00eatre en devenir.<\/em> <\/span><\/span><\/span><\/p><p align=\"justify\"><span style=\"color: #000000;\"><span style=\"font-family: Calibri, sans-serif;\"><span style=\"font-size: medium;\">Par diff\u00e9rents moyens, les <b>cris<\/b>, les <b>pleurs,<\/b> la <b>col\u00e8re<\/b>, le <b>manque d\u2019app\u00e9tit<\/b>, <b>de sommeil,<\/b> l\u2019<b>isolement<\/b>, un <b>changement de comportement<\/b>, l\u2019<b>absence de jeu<\/b>, un <b>ralentissement psycho-moteur<\/b>, une <b>r\u00e9gression dans la propret\u00e9<\/b> <b>ou de son autonomisation<\/b>, une <b>d\u00e9valorisation<\/b>, des <b>troubles de l\u2019attachement, <\/b>des <b>notes scolaires en baisse<\/b>\u2026 l\u2019enfant exprime quelque chose qu\u2019il n\u2019arrive ou n\u2019ose pas \u00e0 mettre en mots. Ce \u00ab\u00a0quelque chose\u00a0\u00bb, j\u2019aime l\u2019appeler \u00ab\u00a0pelote de laine emm\u00eal\u00e9e\u00a0\u00bb. Les maux ressentis vont \u00eatre mis en mots, en toute bienveillance et confiance mutuelle avec l\u2019enfant lors des s\u00e9ances th\u00e9rapeutiques afin de \u00ab\u00a0d\u00e9tricoter la pelote\u00a0\u00bbet retrouver un \u00e9tat psychique et physique stable. Le <b>monde de l\u2019enfant<\/b> s\u2019articule entre sa famille, l\u2019\u00e9cole et ses relations sociales pour lesquelles j\u2019accorde une grande importance dans la prise en soin tant il me semble pr\u00e9f\u00e9rable d\u2019\u00eatre \u00e0 l\u2019\u00e9coute de l\u2019<b>enti\u00e8ret\u00e9 du sujet<\/b>. Il sera possible, apr\u00e8s en avoir discut\u00e9 avec vous et en ayant re\u00e7u votre accord et celui de l\u2019enfant, de prendre contact avec la cr\u00e8che, l\u2019\u00e9cole, le m\u00e9decin ou tout autres professionnels que nous jugerons n\u00e9cessaire pour la prise en soin.<\/span><\/span><\/span><\/p><p align=\"justify\"><span style=\"color: #000000;\"><span style=\"font-family: Calibri, sans-serif;\"><span style=\"font-size: medium;\">Le <b>d\u00e9roulement des s\u00e9ances<\/b> avec les enfants peut, selon le besoin et l\u2019envie de ces derniers, s\u2019effectuer par le biais du jeu (p\u00e2te-\u00e0-modeler, d\u00eenette, Playmobil, Lego,..), mais aussi par le biais des jeux de soci\u00e9t\u00e9 (UNO, DIXIT,\u2026), du dessin ou en face \u00e0 face au bureau ou dans l\u2019espace d\u00e9tente. V\u00e9ritables <b>m\u00e9dias et supports de communication et de relation<\/b>, tout ceci fait partie de la bo\u00eete \u00e0 outils du psychologue.<\/span><\/span><\/span><\/p><p align=\"justify\"><span style=\"color: #000000;\"><span style=\"font-family: Calibri, sans-serif;\"><span style=\"font-size: medium;\">\u00a0<\/span><\/span><\/span><\/p><p align=\"justify\"><span style=\"font-family: Calibri, sans-serif;\"><span style=\"font-size: medium;\"><span style=\"color: #00cccc;\"><b><img loading=\"lazy\" class=\" wp-image-333 alignleft\" src=\"https:\/\/alizeefievre.fr\/wp-content\/uploads\/2021\/03\/Ado-reseaux-sociaux-300x128.jpg\" alt=\"\" width=\"229\" height=\"98\" srcset=\"https:\/\/alizeefievre.fr\/wp-content\/uploads\/2021\/03\/Ado-reseaux-sociaux-300x128.jpg 300w, https:\/\/alizeefievre.fr\/wp-content\/uploads\/2021\/03\/Ado-reseaux-sociaux-1024x437.jpg 1024w, https:\/\/alizeefievre.fr\/wp-content\/uploads\/2021\/03\/Ado-reseaux-sociaux-768x328.jpg 768w, https:\/\/alizeefievre.fr\/wp-content\/uploads\/2021\/03\/Ado-reseaux-sociaux-1536x655.jpg 1536w, https:\/\/alizeefievre.fr\/wp-content\/uploads\/2021\/03\/Ado-reseaux-sociaux.jpg 1920w\" sizes=\"(max-width: 229px) 100vw, 229px\" \/><\/b><\/span><\/span><\/span><b><\/b><\/p><p align=\"justify\"><span style=\"font-family: Calibri, sans-serif;\"><span style=\"font-size: medium;\"><span style=\"color: #00cccc;\"><b>Les adolescents :<\/b><\/span><b> <\/b><b> <\/b><span style=\"color: #000000;\"><i>L\u2019adolescence, quel chamboule-tout\u00a0!<\/i><\/span> <\/span><\/span><\/p><p align=\"justify\"><span style=\"color: #000000;\"><span style=\"font-family: Calibri, sans-serif;\"><span style=\"font-size: medium;\">Aussi appel\u00e9e <b>p\u00e9riode de transition ou crise<\/b>, l\u2019adolescence est une p\u00e9riode o\u00f9 d\u2019importants remaniements <b>psychiques, physiques et \u00e9motionnels<\/b> ont lieu. C\u2019est aussi le moment o\u00f9 certaines failles mal consolid\u00e9es durant l\u2019enfance, s\u2019ouvrent en laissant \u00e9chapper des <b>angoisses<\/b>, des <b>phobies<\/b>, des <b>troubles de l\u2019attachement<\/b>, des <b>questions identitaires<\/b>, de la <b>tristesse<\/b>, des <b>conduites addictives<\/b>, des <b>conduites de mise en danger, <\/b>un<b> isolement, <\/b>du<b> harc\u00e8lement, <\/b>des<b> troubles du sommeil\u2026 <\/b>l\u2019adolescent se re-trouve dans cet \u00ab\u00a0entre-deux\u00a0\u00bb de d\u00e9veloppement o\u00f9 il doit abandonner son statut d\u2019enfant pour <b>devenir<\/b> un sujet adulte. Pas si simple\u2026 C\u2019est dans cette p\u00e9riode de transition o\u00f9 plusieurs <b>signes de souffrance<\/b> sont pr\u00e9sents et doivent <b>alerter le patient et son entourage<\/b>, qu\u2019il est pr\u00e9f\u00e9rable de venir consulter au cabinet. La notion d\u2019<b>enti\u00e8ret\u00e9<\/b> est aussi pr\u00e9sente chez l\u2019adolescent\u00a0; le milieu scolaire et sa famille sont des facteurs pris en compte lors des s\u00e9ances. Avec l\u2019accord du jeune et de sa famille, des contacts aupr\u00e8s de l\u2019\u00e9tablissement d\u2019enseignement, du m\u00e9decin et tout autres professionnels n\u00e9cessaires \u00e0 la prise en soin pourront \u00eatre pris.<\/span><\/span><\/span><\/p><p align=\"justify\"><span style=\"color: #000000;\"><span style=\"font-family: Calibri, sans-serif;\"><span style=\"font-size: medium;\"><b>Les s\u00e9ances avec le jeune se d\u00e9roulent <\/b>en fonction de ses besoins et ses envies\u00a0; cela peut \u00eatre dans l\u2019espace d\u00e9tente ou autour du bureau par le biais d\u2019\u00e9changes verbaux et-ou par l\u2019utilisation de supports comme des jeux de soci\u00e9t\u00e9<b> (UNO, Dixit,\u2026), du dessin <\/b>ou autres<b> m\u00e9dias.<\/b><\/span><\/span><\/span><\/p><p align=\"justify\"><span style=\"color: #000000;\"><span style=\"font-family: Calibri, sans-serif;\"><span style=\"font-size: medium;\"><b>\u00a0<\/b><\/span><\/span><\/span><\/p><p align=\"justify\"><img loading=\"lazy\" class=\" wp-image-337 alignleft\" src=\"https:\/\/alizeefievre.fr\/wp-content\/uploads\/2021\/03\/Parents-famille-300x182.jpg\" alt=\"\" width=\"214\" height=\"130\" srcset=\"https:\/\/alizeefievre.fr\/wp-content\/uploads\/2021\/03\/Parents-famille-300x182.jpg 300w, https:\/\/alizeefievre.fr\/wp-content\/uploads\/2021\/03\/Parents-famille-1024x621.jpg 1024w, https:\/\/alizeefievre.fr\/wp-content\/uploads\/2021\/03\/Parents-famille-768x466.jpg 768w, https:\/\/alizeefievre.fr\/wp-content\/uploads\/2021\/03\/Parents-famille-1536x931.jpg 1536w, https:\/\/alizeefievre.fr\/wp-content\/uploads\/2021\/03\/Parents-famille.jpg 1920w\" sizes=\"(max-width: 214px) 100vw, 214px\" \/><\/p><p align=\"justify\"><span style=\"color: #cc00cc;\"><span style=\"font-family: Calibri, sans-serif;\"><span style=\"font-size: medium;\"><b>L<\/b><b>es p<\/b><b>arents\u00a0<\/b><b>: <\/b><span style=\"color: #000000;\"><i>\u00catre parent c\u2019est \u2026.\u00a0?<\/i><\/span><\/span><\/span><\/span><\/p><p align=\"justify\"><span style=\"color: #000000;\"><span style=\"font-family: Calibri, sans-serif;\"><span style=\"font-size: medium;\">Comment pourriez-vous poursuivre cette interrogation\u00a0? Il y a une multitude de mots \u00e0 associer, une liste non exhaustive pourrait \u00eatre constitu\u00e9e. Selon nos <b>\u00e9motions<\/b>, nos ressentis, nos <b>valeurs<\/b> ou bien notre <b>histoire<\/b> personnelle, nous souhaitons correspondre \u00e0 un id\u00e9al et la r\u00e9alit\u00e9 quotidienne nous soumet parfois \u00e0 notre <b>impuissance \u00e0 calmer <\/b><b>notre<\/b><b> enfant<\/b>, \u00e0 <b>avoir des difficult\u00e9s de communication<\/b>, des <b>peurs<\/b> pour nos enfants, de la <b>frustration, <\/b>de l\u2019<b>incompr\u00e9hension<\/b>, des<b> interrogations<\/b> pour les comprendre\u2026. Pas toujours \u00e9vident d\u2019<b>\u00eatre <\/b><b>parent<\/b>\u00a0; certains disent \u00ab\u00a0c\u2019est un job \u00e0 plein\u00a0temps \u00bb, \u00ab\u00a0o\u00f9 est le mode d\u2019emploi\u00a0?\u00a0\u00bb\u00a0; \u00ab\u00a0mon enfant ne m\u2019aime pas\u00a0\u00bb. Parfois il suffit d\u2019<b>une rencontre<\/b> ou des rencontres ponctuelles ou r\u00e9guli\u00e8res pour d\u00e9poser toutes ces interrogations et ceci est possible au cabinet, et tout naturellement je vous propose une \u00e9coute et un \u00e9change en toute bienveillance.<\/span><\/span><\/span><\/p><p align=\"justify\"><span style=\"color: #000000;\"><span style=\"font-family: Calibri, sans-serif;\"><span style=\"font-size: medium;\">Concernant le<\/span><\/span><\/span><b> <\/b><span style=\"color: #000000;\"><span style=\"font-family: Calibri, sans-serif;\"><span style=\"font-size: medium;\"><b>d\u00e9roulement d<\/b><\/span><\/span><\/span><span style=\"color: #000000;\"><span style=\"font-family: Calibri, sans-serif;\"><span style=\"font-size: medium;\"><b>es<\/b><\/span><\/span><\/span><span style=\"color: #000000;\"><span style=\"font-family: Calibri, sans-serif;\"><span style=\"font-size: medium;\"><b> s\u00e9ances<\/b><\/span><\/span><\/span><span style=\"color: #000000;\"><span style=\"font-family: Calibri, sans-serif;\"><span style=\"font-size: medium;\">,<\/span><\/span><\/span><span style=\"color: #000000;\"><span style=\"font-family: Calibri, sans-serif;\"><span style=\"font-size: medium;\"> le support de communication <\/span><\/span><\/span><span style=\"color: #000000;\"><span style=\"font-family: Calibri, sans-serif;\"><span style=\"font-size: medium;\">se fait<\/span><\/span><\/span><span style=\"color: #000000;\"><span style=\"font-family: Calibri, sans-serif;\"><span style=\"font-size: medium;\"> en fonction<\/span><\/span><\/span> <span style=\"color: #000000;\"><span style=\"font-family: Calibri, sans-serif;\"><span style=\"font-size: medium;\">des <\/span><\/span><\/span><span style=\"color: #000000;\"><span style=\"font-family: Calibri, sans-serif;\"><span style=\"font-size: medium;\">choix <\/span><\/span><\/span><span style=\"color: #000000;\"><span style=\"font-family: Calibri, sans-serif;\"><span style=\"font-size: medium;\">des parents<\/span><\/span><\/span><span style=\"color: #000000;\"><span style=\"font-family: Calibri, sans-serif;\"><span style=\"font-size: medium;\"> (dessins, paroles\u2026) que ce soit au <\/span><\/span><\/span><span style=\"color: #000000;\"><span style=\"font-family: Calibri, sans-serif;\"><span style=\"font-size: medium;\"><b>bureau <\/b><\/span><\/span><\/span><span style=\"color: #000000;\"><span style=\"font-family: Calibri, sans-serif;\"><span style=\"font-size: medium;\">ou dans <\/span><\/span><\/span><span style=\"color: #000000;\"><span style=\"font-family: Calibri, sans-serif;\"><span style=\"font-size: medium;\"><b>l\u2019espace d\u00e9tente<\/b><\/span><\/span><\/span><span style=\"color: #000000;\"><span style=\"font-family: Calibri, sans-serif;\"><span style=\"font-size: medium;\">. <\/span><\/span><\/span><span style=\"color: #000000;\"><span style=\"font-family: Calibri, sans-serif;\"><span style=\"font-size: medium;\">Selon<\/span><\/span><\/span><span style=\"color: #000000;\"><span style=\"font-family: Calibri, sans-serif;\"><span style=\"font-size: medium;\"> vos <\/span><\/span><\/span><span style=\"color: #000000;\"><span style=\"font-family: Calibri, sans-serif;\"><span style=\"font-size: medium;\"><b>interrogations<\/b><\/span><\/span><\/span><span style=\"color: #000000;\"><span style=\"font-family: Calibri, sans-serif;\"><span style=\"font-size: medium;\">, vos <\/span><\/span><\/span><span style=\"color: #000000;\"><span style=\"font-family: Calibri, sans-serif;\"><span style=\"font-size: medium;\"><b>demandes<\/b><\/span><\/span><\/span><span style=\"color: #000000;\"><span style=\"font-family: Calibri, sans-serif;\"><span style=\"font-size: medium;\"> et vos <\/span><\/span><\/span><span style=\"color: #000000;\"><span style=\"font-family: Calibri, sans-serif;\"><span style=\"font-size: medium;\"><b>besoins<\/b><\/span><\/span><\/span><span style=\"color: #000000;\"><span style=\"font-family: Calibri, sans-serif;\"><span style=\"font-size: medium;\">, les enfants pourront venir lors des s\u00e9ances. Ceci sera discut<\/span><\/span><\/span><span style=\"color: #000000;\"><span style=\"font-family: Calibri, sans-serif;\"><span style=\"font-size: medium;\">\u00e9<\/span><\/span><\/span><span style=\"color: #000000;\"><span style=\"font-family: Calibri, sans-serif;\"><span style=\"font-size: medium;\"> ensemble afin de d\u00e9limiter le cadre de t<\/span><\/span><\/span><span style=\"color: #000000;\"><span style=\"font-family: Calibri, sans-serif;\"><span style=\"font-size: medium;\">ravail et ses objectifs.<\/span><\/span><\/span><\/p><p align=\"justify\"><span style=\"color: #000000;\"><span style=\"font-family: Calibri, sans-serif;\"><span style=\"font-size: medium;\">\u00a0<\/span><\/span><\/span><\/p><p align=\"justify\"><img loading=\"lazy\" class=\"wp-image-341 alignleft\" src=\"https:\/\/alizeefievre.fr\/wp-content\/uploads\/2021\/03\/Parentalite-300x201.jpg\" alt=\"\" width=\"223\" height=\"150\" srcset=\"https:\/\/alizeefievre.fr\/wp-content\/uploads\/2021\/03\/Parentalite-300x201.jpg 300w, https:\/\/alizeefievre.fr\/wp-content\/uploads\/2021\/03\/Parentalite-1024x685.jpg 1024w, https:\/\/alizeefievre.fr\/wp-content\/uploads\/2021\/03\/Parentalite-768x514.jpg 768w, https:\/\/alizeefievre.fr\/wp-content\/uploads\/2021\/03\/Parentalite-1536x1028.jpg 1536w, https:\/\/alizeefievre.fr\/wp-content\/uploads\/2021\/03\/Parentalite.jpg 1920w\" sizes=\"(max-width: 223px) 100vw, 223px\" \/><\/p><p align=\"justify\"><span style=\"font-family: Calibri, sans-serif;\"><span style=\"font-size: medium;\"><b><span style=\"color: #ff3300;\">La p<\/span><span style=\"color: #ff3300;\">\u00e9rinatalit\u00e9\u00a0:<\/span> <\/b><span style=\"color: #000000;\"><i>\u00catre m\u00e8re, \u00eatre p\u00e8re&#8230;\u00eatre <\/i><\/span><span style=\"color: #000000;\"><i>enceints<\/i><\/span><span style=\"color: #000000;\"><i>\u00a0! <\/i><\/span><\/span><\/span><\/p><p align=\"justify\"><span style=\"font-family: Calibri, sans-serif;\"><span style=\"font-size: medium;\"><span style=\"color: #000000;\"><b>La maternit\u00e9 et la paternit\u00e9<\/b><\/span><span style=\"color: #000000;\"> est un <\/span><span style=\"color: #000000;\"><b>processus complexe<\/b><\/span><span style=\"color: #000000;\"> o\u00f9 l\u2019on devient, petit \u00e0 petit, parents tant <\/span><span style=\"color: #000000;\"><b>corporellement<\/b><\/span><span style=\"color: #000000;\"> que <\/span><span style=\"color: #000000;\"><b>psychiquement<\/b><\/span><span style=\"color: #000000;\">. Parfois similaire \u00e0 la p\u00e9riode de l\u2019adolescence o\u00f9 d\u2019importantes modifications ont lieu, le <\/span><span style=\"color: #000000;\"><b>devenir parent est source de questions<\/b><\/span><span style=\"color: #000000;\"> tout \u00e0 fait l\u00e9gitime. Parfois, se rejoue des <\/span><span style=\"color: #000000;\"><b>troubles de l\u2019attachement<\/b><\/span><span style=\"color: #000000;\">, des <\/span><span style=\"color: #000000;\"><b>peurs<\/b><\/span><span style=\"color: #000000;\">, des <\/span><span style=\"color: #000000;\"><b>angoisses<\/b><\/span><span style=\"color: #000000;\">, des <\/span><span style=\"color: #000000;\"><b>pens\u00e9es envahissantes li\u00e9es \u00e0 son tout nouveau statut de m\u00e8re et de p\u00e8re<\/b><\/span><span style=\"color: #000000;\"> mais aussi de femme et d\u2019homme, <\/span><span style=\"color: #000000;\">des <\/span><span style=\"color: #000000;\"><b>troubles somatiques<\/b><\/span><span style=\"color: #000000;\">, <\/span><span style=\"color: #000000;\">des <\/span><span style=\"color: #000000;\"><b>deuils, <\/b><\/span><span style=\"color: #000000;\">des <\/span><span style=\"color: #000000;\"><b>chamboulements aupr\u00e8s de la fratrie<\/b><\/span><span style=\"color: #000000;\">&#8230; <\/span><span style=\"color: #000000;\">le futur parent peut \u00eatre accompagn\u00e9, d\u00e8s les premiers signes, pour vivre pleinement son r\u00f4le de devenir parent. Vous avez le droit d\u2019\u00eatre accompagn\u00e9s <\/span><span style=\"color: #000000;\">durant cette p\u00e9riode sensible<\/span><span style=\"color: #000000;\">, <\/span><span style=\"color: #000000;\">et ce, m\u00eame <\/span><span style=\"color: #000000;\">de mani\u00e8re ponctuelle. <\/span><\/span><\/span><\/p><p align=\"justify\"><span style=\"font-family: Calibri, sans-serif;\"><span style=\"font-size: medium;\"><span style=\"color: #000000;\">Ces s\u00e9ances s\u2019adressent aux <\/span><span style=\"color: #000000;\"><b>futurs parents<\/b><\/span><span style=\"color: #000000;\">, s\u2019inscrivant pour la premi\u00e8re fois dans le <\/span><span style=\"color: #000000;\"><b>processus de devenir parent (pr<\/b><\/span><span style=\"color: #000000;\"><b>imipare<\/b><\/span><span style=\"color: #000000;\"><b>)<\/b><\/span><span style=\"color: #000000;\"> mais aussi aux <\/span><span style=\"color: #000000;\"><b>parents ayant d\u00e9j\u00e0 eu des enfants (multipares)<\/b><\/span><span style=\"color: #000000;\">. <\/span><span style=\"color: #000000;\">Install\u00e9s dans l\u2019espace d\u00e9tente ou au bureau, en couple ou seul(e), je vous propose un accompagnement bienveillant dans votre processus <\/span><span style=\"color: #000000;\">parental<\/span><span style=\"color: #000000;\">.<\/span><\/span><\/span><\/p>\t\t\t\t\t\t<\/div>\n\t\t\t\t<\/div>\n\t\t\t\t\t<\/div>\n\t\t<\/div>\n\t\t\t\t\t\t\t<\/div>\n\t\t<\/section>\n\t\t\t\t\t\t<\/div>\n\t\t\t\t\t<\/div>\n\t\t","protected":false},"excerpt":{"rendered":"<p>Les consultations propos\u00e9es au cabinet s\u2019adressent aux enfants et adolescents \u00e2g\u00e9s de 0 \u00e0 20 ans ainsi qu\u2019\u00e0 leurs parents mais aussi pour les futurs parents, m\u00e8res, p\u00e8res, en d\u00e9sir d\u2019enfants. Les enfants: L\u2019enfant est un \u00eatre en devenir. Par diff\u00e9rents moyens, les cris, les pleurs, la col\u00e8re, le manque d\u2019app\u00e9tit, de sommeil, l\u2019isolement, un [&hellip;]<\/p>\n","protected":false},"author":1,"featured_media":0,"parent":0,"menu_order":0,"comment_status":"closed","ping_status":"closed","template":"","meta":[],"_links":{"self":[{"href":"https:\/\/alizeefievre.fr\/index.php?rest_route=\/wp\/v2\/pages\/43"}],"collection":[{"href":"https:\/\/alizeefievre.fr\/index.php?rest_route=\/wp\/v2\/pages"}],"about":[{"href":"https:\/\/alizeefievre.fr\/index.php?rest_route=\/wp\/v2\/types\/page"}],"author":[{"embeddable":true,"href":"https:\/\/alizeefievre.fr\/index.php?rest_route=\/wp\/v2\/users\/1"}],"replies":[{"embeddable":true,"href":"https:\/\/alizeefievre.fr\/index.php?rest_route=%2Fwp%2Fv2%2Fcomments&post=43"}],"version-history":[{"count":50,"href":"https:\/\/alizeefievre.fr\/index.php?rest_route=\/wp\/v2\/pages\/43\/revisions"}],"predecessor-version":[{"id":590,"href":"https:\/\/alizeefievre.fr\/index.php?rest_route=\/wp\/v2\/pages\/43\/revisions\/590"}],"wp:attachment":[{"href":"https:\/\/alizeefievre.fr\/index.php?rest_route=%2Fwp%2Fv2%2Fmedia&parent=43"}],"curies":[{"name":"wp","href":"https:\/\/api.w.org\/{rel}","templated":true}]}}